{"id":676,"date":"2021-04-11T20:16:42","date_gmt":"2021-04-11T20:16:42","guid":{"rendered":"https:\/\/salesianos.info\/salesianosorienta\/?page_id=676"},"modified":"2021-04-11T20:16:46","modified_gmt":"2021-04-11T20:16:46","slug":"san-pablo-ceu","status":"publish","type":"page","link":"https:\/\/salesianos.info\/salesianosorienta\/san-pablo-ceu\/","title":{"rendered":"SAN PABLO CEU"},"content":{"rendered":"<p>[et_pb_section fb_built=\u00bb1&#8243; _builder_version=\u00bb4.8.2&#8243; _module_preset=\u00bbdefault\u00bb][et_pb_row _builder_version=\u00bb4.8.2&#8243; _module_preset=\u00bbdefault\u00bb][et_pb_column _builder_version=\u00bb4.8.2&#8243; _module_preset=\u00bbdefault\u00bb type=\u00bb4_4&#8243;][et_pb_text _builder_version=\u00bb4.8.2&#8243; _module_preset=\u00bbdefault\u00bb hover_enabled=\u00bb0&#8243; sticky_enabled=\u00bb0&#8243;]<\/p>\n<blockquote>\n<p>La Fundaci\u00f3n San Pablo Andaluc\u00eda CEU, que este a\u00f1o celebra su 25 aniversario, es la titular de los centros educativos del CEU en el sur de Espa\u00f1a. Su modelo educativo -basado en la excelencia y en la calidad- est\u00e1 inspirado en los valores del humanismo cristiano y cuenta con una amplia oferta acad\u00e9mica en todos los niveles educativos, en las \u00e1reas de Educaci\u00f3n, Derecho, Deporte, Empresa, Salud, Seguridad y Tech. CEU Andaluc\u00eda -con una comunidad educativa de m\u00e1s de 4.200 personas y un Campus de m\u00e1s de 40 hect\u00e1reas- propone unos completos programas formativos en sus centros acad\u00e9micos: Colegio CEU San Pablo Sevilla, Centro de Estudios Universitarios Cardenal Sp\u00ednola CEU, Centro de Estudios Profesionales, Instituto de Posgrado, Instituto de Idiomas, Instituto de Oposiciones y Vniversitas Senioribus.<\/p>\n<\/blockquote>\n<p>&nbsp;<\/p>\n<p><strong>M\u00e1s informaci\u00f3n:<\/strong><br \/>Campus Universitario CEU Andaluc\u00eda. Glorieta de \u00c1ngel Herrera Oria, s\/n, 41930, Bormujos , Sevilla<br \/>Email:\u00a0\u00a0<a href=\"mailto:promocion@ceuandalucia.es\"><strong>promocion@ceuandalucia.es<\/strong><\/a><br \/>P\u00e1gina web:\u00a0\u00a0<a href=\"https:\/\/lp.ceuandalucia.es\/landings\/futuros-alumnos\/\" data-saferedirecturl=\"https:\/\/www.google.com\/url?q=https:\/\/lp.ceuandalucia.es\/landings\/futuros-alumnos\/&amp;source=gmail&amp;ust=1618252472696000&amp;usg=AFQjCNGZ9W1kgMaPxTJjRnu6arTZA_ZRbQ\">https:\/\/lp.ceuandalucia.es\/landings\/futuros-alumnos\/<\/a><\/p>\n<p>[\/et_pb_text][\/et_pb_column][\/et_pb_row][\/et_pb_section]<\/p>\n","protected":false},"excerpt":{"rendered":"<p>La Fundaci\u00f3n San Pablo Andaluc\u00eda CEU, que este a\u00f1o celebra su 25 aniversario, es la titular de los centros educativos del CEU en el sur de Espa\u00f1a. Su modelo educativo -basado en la excelencia y en la calidad- est\u00e1 inspirado en los valores del humanismo cristiano y cuenta con una amplia oferta acad\u00e9mica en todos [&hellip;]<\/p>\n","protected":false},"author":3,"featured_media":677,"parent":0,"menu_order":0,"comment_status":"closed","ping_status":"closed","template":"page-template-blank.php","meta":{"_et_pb_use_builder":"on","_et_pb_old_content":"","_et_gb_content_width":"","footnotes":""},"class_list":["post-676","page","type-page","status-publish","has-post-thumbnail","hentry"],"yoast_head":"<!-- This site is optimized with the Yoast SEO plugin v27.5 - https:\/\/yoast.com\/product\/yoast-seo-wordpress\/ -->\n<title>SAN PABLO CEU - Jornada de orientaci\u00f3n<\/title>\n<meta name=\"robots\" content=\"index, follow, max-snippet:-1, max-image-preview:large, max-video-preview:-1\" \/>\n<link rel=\"canonical\" href=\"https:\/\/salesianos.info\/salesianosorienta\/san-pablo-ceu\/\" \/>\n<meta property=\"og:locale\" content=\"es_ES\" \/>\n<meta property=\"og:type\" content=\"article\" \/>\n<meta property=\"og:title\" content=\"SAN PABLO CEU - Jornada de orientaci\u00f3n\" \/>\n<meta property=\"og:description\" content=\"Por favor, respeta las indicaciones. Por el colegio ver\u00e1s carteles como estos. Haz caso de sus indicaciones para ayudar a que nuestro centro sea un lugar seguro.\" \/>\n<meta property=\"og:url\" content=\"https:\/\/salesianos.info\/salesianosorienta\/san-pablo-ceu\/\" \/>\n<meta property=\"og:site_name\" content=\"Jornada de orientaci\u00f3n\" \/>\n<meta property=\"article:modified_time\" content=\"2021-04-11T20:16:46+00:00\" \/>\n<meta property=\"og:image\" content=\"https:\/\/salesianos.info\/salesianosorienta\/wp-content\/uploads\/sites\/7\/2021\/04\/unnamed.jpg\" \/>\n\t<meta property=\"og:image:width\" content=\"600\" \/>\n\t<meta property=\"og:image:height\" content=\"170\" \/>\n\t<meta property=\"og:image:type\" content=\"image\/jpeg\" \/>\n<meta name=\"twitter:card\" content=\"summary_large_image\" \/>\n<meta name=\"twitter:label1\" content=\"Tiempo de lectura\" \/>\n\t<meta name=\"twitter:data1\" content=\"1 minuto\" \/>\n<script type=\"application\/ld+json\" class=\"yoast-schema-graph\">{\"@context\":\"https:\\\/\\\/schema.org\",\"@graph\":[{\"@type\":\"WebPage\",\"@id\":\"https:\\\/\\\/salesianos.info\\\/salesianosorienta\\\/san-pablo-ceu\\\/\",\"url\":\"https:\\\/\\\/salesianos.info\\\/salesianosorienta\\\/san-pablo-ceu\\\/\",\"name\":\"SAN PABLO CEU - Jornada de orientaci\u00f3n\",\"isPartOf\":{\"@id\":\"https:\\\/\\\/salesianos.info\\\/salesianosorienta\\\/#website\"},\"primaryImageOfPage\":{\"@id\":\"https:\\\/\\\/salesianos.info\\\/salesianosorienta\\\/san-pablo-ceu\\\/#primaryimage\"},\"image\":{\"@id\":\"https:\\\/\\\/salesianos.info\\\/salesianosorienta\\\/san-pablo-ceu\\\/#primaryimage\"},\"thumbnailUrl\":\"https:\\\/\\\/salesianos.info\\\/salesianosorienta\\\/wp-content\\\/uploads\\\/sites\\\/7\\\/2021\\\/04\\\/unnamed.jpg\",\"datePublished\":\"2021-04-11T20:16:42+00:00\",\"dateModified\":\"2021-04-11T20:16:46+00:00\",\"breadcrumb\":{\"@id\":\"https:\\\/\\\/salesianos.info\\\/salesianosorienta\\\/san-pablo-ceu\\\/#breadcrumb\"},\"inLanguage\":\"es\",\"potentialAction\":[{\"@type\":\"ReadAction\",\"target\":[\"https:\\\/\\\/salesianos.info\\\/salesianosorienta\\\/san-pablo-ceu\\\/\"]}]},{\"@type\":\"ImageObject\",\"inLanguage\":\"es\",\"@id\":\"https:\\\/\\\/salesianos.info\\\/salesianosorienta\\\/san-pablo-ceu\\\/#primaryimage\",\"url\":\"https:\\\/\\\/salesianos.info\\\/salesianosorienta\\\/wp-content\\\/uploads\\\/sites\\\/7\\\/2021\\\/04\\\/unnamed.jpg\",\"contentUrl\":\"https:\\\/\\\/salesianos.info\\\/salesianosorienta\\\/wp-content\\\/uploads\\\/sites\\\/7\\\/2021\\\/04\\\/unnamed.jpg\",\"width\":600,\"height\":170},{\"@type\":\"BreadcrumbList\",\"@id\":\"https:\\\/\\\/salesianos.info\\\/salesianosorienta\\\/san-pablo-ceu\\\/#breadcrumb\",\"itemListElement\":[{\"@type\":\"ListItem\",\"position\":1,\"name\":\"Portada\",\"item\":\"https:\\\/\\\/salesianos.info\\\/salesianosorienta\\\/\"},{\"@type\":\"ListItem\",\"position\":2,\"name\":\"SAN PABLO CEU\"}]},{\"@type\":\"WebSite\",\"@id\":\"https:\\\/\\\/salesianos.info\\\/salesianosorienta\\\/#website\",\"url\":\"https:\\\/\\\/salesianos.info\\\/salesianosorienta\\\/\",\"name\":\"Jornada de orientaci\u00f3n\",\"description\":\"VII Jornada de Comunicaci\u00f3n. Salesianos Espa\u00f1a\",\"potentialAction\":[{\"@type\":\"SearchAction\",\"target\":{\"@type\":\"EntryPoint\",\"urlTemplate\":\"https:\\\/\\\/salesianos.info\\\/salesianosorienta\\\/?s={search_term_string}\"},\"query-input\":{\"@type\":\"PropertyValueSpecification\",\"valueRequired\":true,\"valueName\":\"search_term_string\"}}],\"inLanguage\":\"es\"}]}<\/script>\n<!-- \/ Yoast SEO plugin. -->","yoast_head_json":{"title":"SAN PABLO CEU - Jornada de orientaci\u00f3n","robots":{"index":"index","follow":"follow","max-snippet":"max-snippet:-1","max-image-preview":"max-image-preview:large","max-video-preview":"max-video-preview:-1"},"canonical":"https:\/\/salesianos.info\/salesianosorienta\/san-pablo-ceu\/","og_locale":"es_ES","og_type":"article","og_title":"SAN PABLO CEU - Jornada de orientaci\u00f3n","og_description":"Por favor, respeta las indicaciones. Por el colegio ver\u00e1s carteles como estos. Haz caso de sus indicaciones para ayudar a que nuestro centro sea un lugar seguro.","og_url":"https:\/\/salesianos.info\/salesianosorienta\/san-pablo-ceu\/","og_site_name":"Jornada de orientaci\u00f3n","article_modified_time":"2021-04-11T20:16:46+00:00","og_image":[{"width":600,"height":170,"url":"https:\/\/salesianos.info\/salesianosorienta\/wp-content\/uploads\/sites\/7\/2021\/04\/unnamed.jpg","type":"image\/jpeg"}],"twitter_card":"summary_large_image","twitter_misc":{"Tiempo de lectura":"1 minuto"},"schema":{"@context":"https:\/\/schema.org","@graph":[{"@type":"WebPage","@id":"https:\/\/salesianos.info\/salesianosorienta\/san-pablo-ceu\/","url":"https:\/\/salesianos.info\/salesianosorienta\/san-pablo-ceu\/","name":"SAN PABLO CEU - Jornada de orientaci\u00f3n","isPartOf":{"@id":"https:\/\/salesianos.info\/salesianosorienta\/#website"},"primaryImageOfPage":{"@id":"https:\/\/salesianos.info\/salesianosorienta\/san-pablo-ceu\/#primaryimage"},"image":{"@id":"https:\/\/salesianos.info\/salesianosorienta\/san-pablo-ceu\/#primaryimage"},"thumbnailUrl":"https:\/\/salesianos.info\/salesianosorienta\/wp-content\/uploads\/sites\/7\/2021\/04\/unnamed.jpg","datePublished":"2021-04-11T20:16:42+00:00","dateModified":"2021-04-11T20:16:46+00:00","breadcrumb":{"@id":"https:\/\/salesianos.info\/salesianosorienta\/san-pablo-ceu\/#breadcrumb"},"inLanguage":"es","potentialAction":[{"@type":"ReadAction","target":["https:\/\/salesianos.info\/salesianosorienta\/san-pablo-ceu\/"]}]},{"@type":"ImageObject","inLanguage":"es","@id":"https:\/\/salesianos.info\/salesianosorienta\/san-pablo-ceu\/#primaryimage","url":"https:\/\/salesianos.info\/salesianosorienta\/wp-content\/uploads\/sites\/7\/2021\/04\/unnamed.jpg","contentUrl":"https:\/\/salesianos.info\/salesianosorienta\/wp-content\/uploads\/sites\/7\/2021\/04\/unnamed.jpg","width":600,"height":170},{"@type":"BreadcrumbList","@id":"https:\/\/salesianos.info\/salesianosorienta\/san-pablo-ceu\/#breadcrumb","itemListElement":[{"@type":"ListItem","position":1,"name":"Portada","item":"https:\/\/salesianos.info\/salesianosorienta\/"},{"@type":"ListItem","position":2,"name":"SAN PABLO CEU"}]},{"@type":"WebSite","@id":"https:\/\/salesianos.info\/salesianosorienta\/#website","url":"https:\/\/salesianos.info\/salesianosorienta\/","name":"Jornada de orientaci\u00f3n","description":"VII Jornada de Comunicaci\u00f3n. Salesianos Espa\u00f1a","potentialAction":[{"@type":"SearchAction","target":{"@type":"EntryPoint","urlTemplate":"https:\/\/salesianos.info\/salesianosorienta\/?s={search_term_string}"},"query-input":{"@type":"PropertyValueSpecification","valueRequired":true,"valueName":"search_term_string"}}],"inLanguage":"es"}]}},"_links":{"self":[{"href":"https:\/\/salesianos.info\/salesianosorienta\/wp-json\/wp\/v2\/pages\/676","targetHints":{"allow":["GET"]}}],"collection":[{"href":"https:\/\/salesianos.info\/salesianosorienta\/wp-json\/wp\/v2\/pages"}],"about":[{"href":"https:\/\/salesianos.info\/salesianosorienta\/wp-json\/wp\/v2\/types\/page"}],"author":[{"embeddable":true,"href":"https:\/\/salesianos.info\/salesianosorienta\/wp-json\/wp\/v2\/users\/3"}],"replies":[{"embeddable":true,"href":"https:\/\/salesianos.info\/salesianosorienta\/wp-json\/wp\/v2\/comments?post=676"}],"version-history":[{"count":2,"href":"https:\/\/salesianos.info\/salesianosorienta\/wp-json\/wp\/v2\/pages\/676\/revisions"}],"predecessor-version":[{"id":679,"href":"https:\/\/salesianos.info\/salesianosorienta\/wp-json\/wp\/v2\/pages\/676\/revisions\/679"}],"wp:featuredmedia":[{"embeddable":true,"href":"https:\/\/salesianos.info\/salesianosorienta\/wp-json\/wp\/v2\/media\/677"}],"wp:attachment":[{"href":"https:\/\/salesianos.info\/salesianosorienta\/wp-json\/wp\/v2\/media?parent=676"}],"curies":[{"name":"wp","href":"https:\/\/api.w.org\/{rel}","templated":true}]}}

<p>[et_pb_section fb_built=»1&#8243; _builder_version=»4.8.2&#8243; _module_preset=»default»][et_pb_row _builder_version=»4.8.2&#8243; _module_preset=»default»][et_pb_column _builder_version=»4.8.2&#8243; _module_preset=»default» type=»4_4&#8243;][et_pb_text _builder_version=»4.8.2&#8243; _module_preset=»default» hover_enabled=»0&#8243; sticky_enabled=»0&#8243;]</p>
<blockquote>
<p>La Fundación San Pablo Andalucía CEU, que este año celebra su 25 aniversario, es la titular de los centros educativos del CEU en el sur de España. Su modelo educativo -basado en la excelencia y en la calidad- está inspirado en los valores del humanismo cristiano y cuenta con una amplia oferta académica en todos los niveles educativos, en las áreas de Educación, Derecho, Deporte, Empresa, Salud, Seguridad y Tech. CEU Andalucía -con una comunidad educativa de más de 4.200 personas y un Campus de más de 40 hectáreas- propone unos completos programas formativos en sus centros académicos: Colegio CEU San Pablo Sevilla, Centro de Estudios Universitarios Cardenal Spínola CEU, Centro de Estudios Profesionales, Instituto de Posgrado, Instituto de Idiomas, Instituto de Oposiciones y Vniversitas Senioribus.</p>
</blockquote>
<p>&nbsp;</p>
<p><strong>Más información:</strong><br />Campus Universitario CEU Andalucía. Glorieta de Ángel Herrera Oria, s/n, 41930, Bormujos , Sevilla<br />Email:  <a href="mailto:promocion@ceuandalucia.es"><strong>promocion@ceuandalucia.es</strong></a><br />Página web:  <a href="https://lp.ceuandalucia.es/landings/futuros-alumnos/" data-saferedirecturl="https://www.google.com/url?q=https://lp.ceuandalucia.es/landings/futuros-alumnos/&amp;source=gmail&amp;ust=1618252472696000&amp;usg=AFQjCNGZ9W1kgMaPxTJjRnu6arTZA_ZRbQ">https://lp.ceuandalucia.es/landings/futuros-alumnos/</a></p>
<p>[/et_pb_text][/et_pb_column][/et_pb_row][/et_pb_section]</p>

<p>La Fundación San Pablo Andalucía CEU, que este año celebra su 25 aniversario, es la titular de los centros educativos del CEU en el sur de España. Su modelo educativo -basado en la excelencia y en la calidad- está inspirado en los valores del humanismo cristiano y cuenta con una amplia oferta académica en todos [&hellip;]</p>

<!-- This site is optimized with the Yoast SEO plugin v27.5 - https://yoast.com/product/yoast-seo-wordpress/ -->
<title>SAN PABLO CEU - Jornada de orientación</title>
<meta name="robots" content="index, follow, max-snippet:-1, max-image-preview:large, max-video-preview:-1" />
<link rel="canonical" href="https://salesianos.info/salesianosorienta/san-pablo-ceu/" />
<meta property="og:locale" content="es_ES" />
<meta property="og:type" content="article" />
<meta property="og:title" content="SAN PABLO CEU - Jornada de orientación" />
<meta property="og:description" content="Por favor, respeta las indicaciones. Por el colegio verás carteles como estos. Haz caso de sus indicaciones para ayudar a que nuestro centro sea un lugar seguro." />
<meta property="og:url" content="https://salesianos.info/salesianosorienta/san-pablo-ceu/" />
<meta property="og:site_name" content="Jornada de orientación" />
<meta property="article:modified_time" content="2021-04-11T20:16:46+00:00" />
<meta property="og:image" content="https://salesianos.info/salesianosorienta/wp-content/uploads/sites/7/2021/04/unnamed.jpg" />
	<meta property="og:image:width" content="600" />
	<meta property="og:image:height" content="170" />
	<meta property="og:image:type" content="image/jpeg" />
<meta name="twitter:card" content="summary_large_image" />
<meta name="twitter:label1" content="Tiempo de lectura" />
	<meta name="twitter:data1" content="1 minuto" />
<script type="application/ld+json" class="yoast-schema-graph">{"@context":"https:\/\/schema.org","@graph":[{"@type":"WebPage","@id":"https:\/\/salesianos.info\/salesianosorienta\/san-pablo-ceu\/","url":"https:\/\/salesianos.info\/salesianosorienta\/san-pablo-ceu\/","name":"SAN PABLO CEU - Jornada de orientación","isPartOf":{"@id":"https:\/\/salesianos.info\/salesianosorienta\/#website"},"primaryImageOfPage":{"@id":"https:\/\/salesianos.info\/salesianosorienta\/san-pablo-ceu\/#primaryimage"},"image":{"@id":"https:\/\/salesianos.info\/salesianosorienta\/san-pablo-ceu\/#primaryimage"},"thumbnailUrl":"https:\/\/salesianos.info\/salesianosorienta\/wp-content\/uploads\/sites\/7\/2021\/04\/unnamed.jpg","datePublished":"2021-04-11T20:16:42+00:00","dateModified":"2021-04-11T20:16:46+00:00","breadcrumb":{"@id":"https:\/\/salesianos.info\/salesianosorienta\/san-pablo-ceu\/#breadcrumb"},"inLanguage":"es","potentialAction":[{"@type":"ReadAction","target":["https:\/\/salesianos.info\/salesianosorienta\/san-pablo-ceu\/"]}]},{"@type":"ImageObject","inLanguage":"es","@id":"https:\/\/salesianos.info\/salesianosorienta\/san-pablo-ceu\/#primaryimage","url":"https:\/\/salesianos.info\/salesianosorienta\/wp-content\/uploads\/sites\/7\/2021\/04\/unnamed.jpg","contentUrl":"https:\/\/salesianos.info\/salesianosorienta\/wp-content\/uploads\/sites\/7\/2021\/04\/unnamed.jpg","width":600,"height":170},{"@type":"BreadcrumbList","@id":"https:\/\/salesianos.info\/salesianosorienta\/san-pablo-ceu\/#breadcrumb","itemListElement":[{"@type":"ListItem","position":1,"name":"Portada","item":"https:\/\/salesianos.info\/salesianosorienta\/"},{"@type":"ListItem","position":2,"name":"SAN PABLO CEU"}]},{"@type":"WebSite","@id":"https:\/\/salesianos.info\/salesianosorienta\/#website","url":"https:\/\/salesianos.info\/salesianosorienta\/","name":"Jornada de orientación","description":"VII Jornada de Comunicación. Salesianos España","potentialAction":[{"@type":"SearchAction","target":{"@type":"EntryPoint","urlTemplate":"https:\/\/salesianos.info\/salesianosorienta\/?s={search_term_string}"},"query-input":{"@type":"PropertyValueSpecification","valueRequired":true,"valueName":"search_term_string"}}],"inLanguage":"es"}]}</script>
<!-- / Yoast SEO plugin. -->

SAN PABLO CEU - Jornada de orientación

Por favor, respeta las indicaciones. Por el colegio verás carteles como estos. Haz caso de sus indicaciones para ayudar a que nuestro centro sea un lugar seguro.

Jornada de orientación

VII Jornada de Comunicación. Salesianos España
